 by 34.
33
Calculate the remainder when 30633 is divided by 747.
6
What is the remainder when 518 is divided by 200?
118
Calculate the remainder when 10910 is divided by 546.
536
Calculate the remainder when 365987 is divided by 936.
11
What is the remainder when 255099 is divided by 51?
48
What is the remainder when 62959 is divided by 161?
8
What is the remainder when 3646 is divided by 38?
36
Calculate the remainder when 624877 is divided by 8.
5
Calculate the remainder when 7238 is divided by 75.
38
What is the remainder when 327190 is divided by 11?
6
What is the remainder when 77099 is divided by 25?
24
Calculate the remainder when 6800779 is divided by 310.
309
What is the remainder when 9968 is divided by 595?
448
Calculate the remainder when 1008 is divided by 5.
3
What is the remainder when 59824 is divided by 25?
24
What is the remainder when 11262 is divided by 1264?
1150
Calculate the remainder when 72537 is divided by 180.
177
What is the remainder when 10424 is divided by 1518?
1316
What is the remainder when 11914 is divided by 5957?
0
Calculate the remainder when 2680 is divided by 215.
100
What is the remainder when 44219 is divided by 44?
43
Calculate the remainder when 4450 is divided by 279.
265
Calculate the remainder when 1194490 is divided by 52.
50
What is the remainder when 1086 is divided by 132?
30
What is the remainder when 96060 is divided by 21?
6
Calculate the remainder when 41667 is divided by 49.
17
Calculate the remainder when 83973 is divided by 242.
241
What is the remainder when 4975 is divided by 47?
40
Calculate the remainder when 35851 is divided by 197.
194
What is the remainder when 2281 is divided by 559?
45
Calculate the remainder when 580 is divided by 119.
104
Calculate the remainder when 86357 is divided by 8.
5
What is the remainder when 1213 is divided by 34?
23
Calculate the remainder when 37185 is divided by 7435.
10
What is the remainder when 74510 is divided by 230?
220
What is the remainder when 4888 is divided by 228?
100
Calculate the remainder when 12429 is divided by 293.
123
Calculate the remainder when 832719 is divided by 726.
723
What is the remainder when 674542 is divided by 224844?
10
What is the remainder when 41399 is divided by 190?
169
What is the remainder when 9823 is divided by 52?
47
Calculate the remainder when 1044 is divided by 204.
24
Calculate the remainder when 110 is divided by 55.
0
Calculate the remainder when 2484 is divided by 605.
64
What is the remainder when 145477 is divided by 72727?
23
Calculate the remainder when 68454 is divided by 163.
157
Calculate the remainder when 2284 is divided by 755.
19
Calculate the remainder when 285 is divided by 28.
5
Calculate the remainder when 870 is divided by 46.
42
Calculate the remainder when 15053 is divided by 1881.
5
What is the remainder when 18155 is divided by 421?
52
What is the remainder when 160606 is divided by 54?
10
Calculate the remainder when 446 is divided by 89.
1
What is the remainder when 17845 is divided by 128?
53
Calculate the remainder when 19190 is divided by 18.
2
What is the remainder when 161192 is divided by 200?
192
Calculate the remainder when 584660 is divided by 204.
200
Calculate the remainder when 3882 is divided by 2.
0
What is the remainder when 3196 is divided by 100?
96
What is the remainder when 103089 is divided by 14725?
14
What is the remainder when 4690 is divided by 109?
3
What is the remainder when 4103 is divided by 6?
5
Calculate the remainder when 12947 is divided by 12920.
27
What is the remainder when 41930 is divided by 18?
8
What is the remainder when 1374898 is divided by 58?
8
Calculate the remainder when 91890 is divided by 2356.
6
Calculate the remainder when 42844 is divided by 222.
220
What is the remainder when 8568968 is divided by 12?
8
What is the remainder when 617 is divided by 129?
101
Calculate the remainder when 61324 is divided by 12246.
94
What is the remainder when 9295 is divided by 9275?
20
Calculate the remainder when 2758 is divided by 105.
28
Calculate the remainder when 5527 is divided by 425.
2
What is the remainder when 7530 is divided by 1103?
912
What is the remainder when 3127 is divided by 991?
154
What is the remainder when 7746 is divided by 125?
121
What is the remainder when 116356 is divided by 875?
856
What is the remainder when 62276 is divided by 892?
728
What is the remainder when 217989 is divided by 10?
9
Calculate the remainder when 4790 is divided by 1073.
498
Calculate the remainder when 2640 is divided by 632.
112
What is the remainder when 21198 is divided by 110?
78
What is the remainder when 2427 is divided by 2387?
40
What is the remainder when 30756 is divided by 30720?
36
What is the remainder when 1593 is divided by 1372?
221
Calculate the remainder when 36909 is divided by 499.
482
What is the remainder when 66745 is divided by 54?
1
Calculate the remainder when 16917 is divided by 4222.
29
Calculate the remainder when 2427 is divided by 12.
3
Calculate the remainder when 226 is divided by 224.
2
What is the remainder when 12414 is divided by 1564?
1466
Calculate the remainder when 4129 is divided by 83.
62
What is the remainder when 23855447 is divided by 10?
7
What is the remainder when 188983 is divided by 28?
11
What is the remainder when 19728 is divided by 140?
128
Calculate the remainder when 1336330 is divided by 678.
670
Calculate the remainder when 4572 is divided by 443.
142
What is the remainder when 26037 is divided by 1040?
37
What is the remainder when 261700 is divided by 71?
65
What is the remainder when 501189 is divided by 16?
5
What is the remainder when 153 is divided by 3?
0
Calculate the remainder when 428865 is divided by 1083.
1080
What is the remainder when 2003 is divided by 171?
122
What is the remainder when 17094 is divided by 5681?
51
What is the remainder when 2822 is divided by 114?
86
Calculate the remainder when 9716 is divided by 57.
26
What is the remainder when 9182 is divided by 2277?
74
What is the remainder when 11488 is divided by 440?
48
Calculate the remainder when 334096 is divided by 46.
44
Calculate the remainder when 20611 is divided by 217.
213
Calculate the remainder when 5790 is divided by 5053.
737
What is the remainder when 60914 is divided by 213?
209
What is the remainder when 12571 is divided by 2?
1
What is the remainder when 7588 is divided by 168?
28
What is the remainder when 198 is divided by 25?
23
Calculate the remainder when 22601 is divided by 121.
95
Calculate the remainder when 9904 is divided by 2664.
1912
Calculate the remainder when 1219 is divided by 94.
91
Calculate the remainder when 21648 is divided by 21.
18
What is the remainder when 3354 is divided by 249?
117
What is the remainder when 9980696 is divided by 26?
24
Calculate the remainder when 469260 is divided by 466.
464
Calculate the remainder when 4192 is divided by 108.
88
Calculate the remainder when 115068 is divided by 38356.
0
Calculate the remainder when 22138 is divided by 37.
12
Calculate the remainder when 24536 is divided by 767.
759
Calculate the remainder when 104640 is divided by 165.
30
What is the remainder when 40320 is divided by 40318?
2
Calculate the remainder when 19517 is divided by 16.
13
Calculate the remainder when 38573 is divided by 3494.
139
What is the remainder when 1485510 is divided by 111?
108
Calculate the remainder when 136613 is divided by 18.
11
Calculate the remainder when 51410 is divided by 16.
2
Calculate the remainder when 154613 is divided by 26.
17
What is the remainder when 13233 is divided by 3?
0
Calculate the remainder when 13405 is divided by 900.
805
What is the remainder when 10748299 is divided by 380?
379
What is the remainder when 3911 is divided by 706?
381
What is the remainder when 18513 is divided by 413?
341
Calculate the remainder when 4111 is divided by 93.
19
Calculate the remainder when 110312 is divided by 11.
4
What is the remainder when 28905 is divided by 66?
63
Calculate the remainder when 616010 is divided by 377.
369
Calculate the remainder when 13725 is divided by 1108.
429
What is the remainder when 479166 is divided by 533?
532
Calculate the remainder when 41658 is divided by 84.
78
What is the remainder when